= m**3 - m**2 - m + 11. Let p = -6 - -9. Suppose x + 3*f = -3*x + 3, -4*x + p*f - 3 = 0. Determine a(x).
11
Let u(z) = z**3 + 5*z**2. Suppose 2*b - 2 - 6 = 0. Suppose f + b = -22. Let q be 6/39 - (-134)/f. Determine u(q).
0
Let k(p) be the third derivative of 0*p + p**2 + 2/3*p**3 + 0 + 1/8*p**4 + 1/60*p**5. What is k(-3)?
4
Let d(c) = -c. Let w be (6/4)/1*(-6 + 8). Suppose 0*q - w*q + 9 = 0. Calculate d(q).
-3
Let z(g) = g**3 + g**2 + g + 2. Let j(i) = -i**3 + 13*i**2 + 28*i + 30. Let t be j(15). Calculate z(t).
2
Let q(i) = i + 9. Suppose 17*j = 3*j. Determine q(j).
9
Let k(b) = -b**3 + 5*b**2. Let i be (1 - 2)*(3 - 8). Determine k(i).
0
Let b(r) = r**3 + 6*r**2 + 7*r + 3. Suppose 0 = 5*l - 7*l - 10. Give b(l).
-7
Suppose -5*d + 7 = -3. Let y(r) = 6*r + 3*r - d*r. Let n(b) = -b**3 + 11*b**2 - 8*b - 91. Let h be n(9). What is y(h)?
-7
Suppose -3*v - 5*s - 21 = -2*s, -v + 23 = -5*s. Let a be (980/24)/7 - v/12. Let h(q) be the first derivative of -q**3/3 + 7*q**2/2 + q + 1. What is h(a)?
7
Let l(n) = -22*n**3 - 2*n**2 - 2*n - 1. Suppose -109 + 93 = -4*v. Suppose 7*h - 2 = -v*g + 9*h, 3*g - h = 0. Give l(g).
21
Suppose 134*b - 116*b = -18. Let i(m) = 6*m - 2. Calculate i(b).
-8
Let h = 468 + -474. Let k(x) = x**2 + 6*x + 8. Calculate k(h).
8
Let f(t) = 2*t**3 + 2*t**2 - 2*t. Let c be (20/8)/(190/152). Calculate f(c).
20
Let s(i) = 2*i - 4. Let t be 21*(6/(-9) + (-8 - -9)). Determine s(t).
10
Let m(n) = 702*n + 704*n - 1405*n. What is m(-4)?
-4
Suppose 2*i = -6*p + 2*p + 74, -2*p - 3*i + 35 = 0. Let h = p - 14. Suppose -h*m = 1 + 29. Let n(a) = -a - 2. Give n(m).
4
Let o(a) be the third derivative of -a**5/12 - a**3/6 + 2*a**2. Suppose 3*x + j = -0*j - 2, -5*x - 3*j - 10 = 0. Give o(x).
-6
Let f = -13 - -7. Let h(m) = m**3 - 6*m**2 + 4*m + 7. Let n be h(5). Let c(v) = n*v**3 - v - 8 - 6*v - v**3 + 5*v**2. Calculate c(f).
-2
Let k be (-9 - 6)*(-1)/3. Let n(i) = -3*i**3 + 7*i**2 - i + 1. Let l(o) = 10*o**3 - 22*o**2 + 4*o - 4. Let b(x) = -2*l(x) - 7*n(x). Calculate b(k).
-4
Let m = -8 - -7. Let t be 3/(m - (1 + -1)). Let n(v) = -2*v**2 - 3*v + 3. Let a be n(t). Let c(k) = -k**2 - 6*k - 7. What is c(a)?
-7
Let v(n) = -n**2 - 8*n - 6. Let w = -21 + 24. Suppose w*r + 10*u = 5*u - 4, r = 3*u - 20. What is v(r)?
-6
Suppose -2*v + 4 = -4*i, 3 - 25 = -v - 2*i. Suppose 4*o + 2 - 20 = 2*d, 0 = -4*d - v. Let w(c) = -c**2 + 5*c - 2. Determine w(o).
4
Let b(c) = 4*c - 5. Let t be b(8). Let s be (-4 + 5)/(3/t). Let l(p) = s - 9 + 6*p + 4 + p**2. Determine l(-6).
4
Suppose 2*y = 69 - 5. Let g = y - 33. Let t(h) = -17*h + 5. Let j(f) = 9*f - 3. Let m(c) = -5*j(c) - 3*t(c). Determine m(g).
-6
Suppose 0 = -0*q + q - 9. Suppose 197 = -16*a + 5. Let l be 16/4*q/a. Let h(t) = t**2 + 2*t + 3. Calculate h(l).
6
Let q(w) be the third derivative of -1/24*w**4 + 0 + 1/2*w**3 + 5*w**2 + 0*w - 1/60*w**5. Calculate q(0).
3
Let t(n) = n - 10. Let f(u) = -3*u**3 + u**2 - 3*u + 2. Let c be f(1). Let g be (c/(-2))/((-24)/(-112)). Give t(g).
-3
Let p be 4/14 + (-48)/(-28). Suppose -f - p*f + 5*j = 1, -23 = -5*f - 4*j. Let u(d) = -d**f + d**2 + 2 - 106*d + 108*d + d**2. Determine u(-2).
14
Let z(o) = o**2 + 10*o. Suppose -5*y = -2*y + 4*u + 16, 22 = -4*y - 5*u. Determine z(y).
-16
Let f(v) be the first derivative of -v**3/3 - 3*v**2/2 + v - 300. What is f(-4)?
-3
Let z(q) = -6*q**2 + 9*q - 1. Let o(n) = 5*n**2 - 7*n. Let b(u) = -5*o(u) - 4*z(u). Determine b(-6).
-26
Let p(w) be the third derivative of -w**6/60 + w**5/15 - w**4/8 + w**3/6 - 593*w**2. Let g be 3/((-2)/(3 - 1)). Let v = g - -5. Give p(v).
-5
Let q(i) be the third derivative of -i**4/24 - i**3/2 + 16*i**2. Let c = -148 - -142. Calculate q(c).
3
Let u(j) be the third derivative of j**5/60 + j**4/4 - j**3 - 21*j**2. Determine u(-6).
-6
Let b(x) = x**3 - 6*x**2 - 1. Suppose 18 = 14*d - 10. Let i be (-17)/(-4) + (11/4 - d). Give b(i).
-26
Let k = 103 + -97. Suppose k*y + 32 + 10 = 0. Let t(m) = -m**2 - 1 + 5 - 7*m + 3. Give t(y).
7
Let f(g) = 20*g + 6. Let y be f(2). Let p = -39 + y. Let t(j) = -5*j - 3 + p*j**2 - j**3 - 2 - 2. Give t(6).
-1
Let i(q) = 7*q**3 - 3*q**2 + 4*q - 1. Let b(y) = -15*y**3 + 7*y**2 - 9*y + 2. Let x(t) = 2*b(t) + 5*i(t). Let h(z) = z + 1. Let g be h(0). Determine x(g).
5
Let d(o) be the third derivative of o**7/210 + 9*o**3/2 + 19*o**2. Let i(y) be the first derivative of d(y). Give i(-1).
-4
Let o(l) = -5*l + 8*l**2 + l**3 - 5*l - 6*l - 2 + 17*l. Calculate o(-8).
-10
Let o(q) = 181*q + 187*q - 367*q + 4. Let m(j) = 2*j**3 + 4*j**2 + 3*j + 2. Let i be m(-2). Calculate o(i).
0
Let z(x) be the third derivative of x**5/15 - x**4/24 - 114*x**2. Suppose -3 = k - 5. Suppose -7*h + 3*h + k*r = 8, -2*h - r = 0. Give z(h).
5
Let d(k) = 3 + k + k**2 - 3 - 2 - 8*k - 6. What is d(8)?
0
Let a(o) be the second derivative of -2*o - 1/20*o**5 - 1/6*o**3 - 2*o**2 - 1/3*o**4 + 5. Calculate a(-3).
-10
Let f(i) be the second derivative of i**5/20 + 25*i**4/12 + 25*i**3/6 + 23*i**2/2 - 4*i + 37. Calculate f(-24).
-1
Let p(s) be the third derivative of 0*s**3 - 1/60*s**5 - 28*s**2 + 0*s - 3/8*s**4 + 0. What is p(-8)?
8
Let r be (1/(-1))/1 - -6. Suppose -4*s = 5*g - 11, -4*s + 3*g + 7 = -3*s. Let c(n) = -14*n**2 + 6 + 27*n**2 - 2 - 12*n**2 - s*n. Determine c(r).
9
Let b(g) be the second derivative of 0*g**3 + 0 + 1/20*g**5 + 0*g**2 - 1/6*g**4 - 2*g. Calculate b(3).
9
Let x(c) = -5 + 0 + 213*c**2 - 422*c**2 + 208*c**2 - 19*c. What is x(-18)?
13
Let t(p) = p**2 + 5*p - 8. Let s be t(-6). Let c(o) = -4 + o + 3*o + 7 + 2*o + 3*o**2 - 3*o. Give c(s).
9
Let j be (-185)/(-35) - 2/7. Suppose j = -s + 4. Let z be -5*(s + 0) - 1. Let r(u) = -u**2 + 4*u + 4. Calculate r(z).
4
Let m(l) = l**3 - 8*l**2 - 3*l. Let x = 333 - 325. Calculate m(x).
-24
Let j(f) = -f**3 - 9*f**2 + f + 4. Let m(s) = -2*s**3 - 18*s**2 + 2*s + 8. Let u(h) = 5*j(h) - 3*m(h). Give u(-9).
5
Let n(c) = -c**3 - 3*c**2 + 6*c + 4. Let u(p) = p**3 + 7*p**2 + 6*p + 6. Let a be u(-6). Let q be (-50)/(-15)*a/5. Suppose q*j = 9 - 25. What is n(j)?
-4
Let p(c) be the second derivative of c**4/12 - c**3/3 - c**2 - 16*c. Let y(m) be the first derivative of p(m). Determine y(5).
8
Let r(f) = -f. Suppose -3*i + 5 = -5*v - 25, 5*i - 25 = 0. Let c be 1*7*(-3)/v. Give r(c).
-7
Let t(y) = -2*y**2 - 3*y - 12. Let z be -2*2*(-21)/12. Let c(u) = 3*u**2 + 4*u + 18. Let l(v) = z*t(v) + 5*c(v). Determine l(0).
6
Let v(p) = 3*p. Let i = 29 - 17. Suppose -i = y - 2*y. Let r = y - 14. Give v(r).
-6
Let m be 3/3 + -12 - 1. Let p = 14 + m. Let f(n) = -1 - 2*n**2 - 6*n + n**p + 3*n - 3*n. What is f(-6)?
-1
Suppose -4*t + 3*n = -60 + 11, 3*t = -3*n + 21. Let p(o) = -o**3 + 9*o**2 + 9*o - 5. Determine p(t).
-15
Let g(r) be the second derivative of r**4/12 - r**3/3 - 5*r**2/2 - 27*r - 10. Determine g(9).
58
Let q(i) = -6 - 9*i - 3 - 5 + 13. Give q(2).
-19
Let g(q) = q**3 + 6*q**2 - 1. Let x be g(-3). Let o = x - 14. Let y be 34/6 - (-4)/o. Let z(b) = -b**2 + 5*b - 1. Calculate z(y).
-7
Suppose 2*y = 4*y. Suppose y = -m + 9 - 4. Let i(w) = -w**2 - m*w - 3*w**2 + w**2 + 4*w**2. Calculate i(3).
-6
Let v(h) = -2*h. Let o(w) = -w**2 - 3*w + 47. Let n be o(-9). What is v(n)?
14
Suppose 2*z = 0, -3*z - 172 = -4*q - 6*z. Let k = q + -42. Let u(l) = -6*l - 1 + 5*l + 0*l. Calculate u(k).
-2
Let l(g) = -20*g**2 + 4*g - 14. Let d(x) = -7*x**2 + x - 5. Let y(i) = -8*d(i) + 3*l(i). Let t = -101 - -112. Suppose 11 + t = 11*h. Determine y(h).
-10
Let y(c) = -3*c**3 - c + c**2 - 1 - c**2 + c**2. Let v = 2232 + -2233. What is y(v)?
4
Let q(n) = -n**2 - 20*n - 44. Let s be q(-17). Let a(r) = -r - 4. Give a(s).
-11
Let y be 1/6*134 + 54/81. Suppose -y + 11 = -3*u. Let s(z) = 4*z - 1. Let f(t) = -9*t + 2. Let l(d) = -3*f(d) - 7*s(d). Calculate l(u).
-3
Let j(y) = -y - 3. Let t be j(-4). Let k be 1 + 3/t - 2. Let p(b) = -b + b + 0*b + 4*b**3 - 1 - k*b - b**2. What is p(-1)?
-4
Let x(w) = -7*w**2 + w + 1. Let m(q) = -5*q - 51. Let b be m(-10). Give x(b).
-7
Let t(u) = -3*u**3 - 5*u**2 - 2*u. Let v(x) = -3*x + 15. Let i be v(6). Let r(a) = 4*a**3 + 6*a**2 + a - 1. Let d(s) = i*t(s) - 2*r(s). Determine d(-2).
-2
Suppose -50*n - 214 = 36. Let o(l) = l**3 + 4*l**2 + l + 3. Calculate o(n).
-27
Let w(s) = -11 + 8*s**2 - 3*s + 3 - s**3 + 0*s - 3*s. Calculate w(7).
-1
Let o be (-2)/(-12) + (-245)/(-42). Suppose 0 = h + 